nd 7.
7
Suppose -2*d + 2*z = 58 - 184, -5*d + 327 = -z. Calculate the highest common divisor of d and 6.
6
Let d(v) = 2*v**2 - 2*v + 3. Let l be d(2). Let o = -805 - -819. Calculate the greatest common divisor of l and o.
7
Let v = 5 + -3. Suppose -5*b = 0, -2*b = f - v*f + 2. Calculate the greatest common factor of 22 and f.
2
Let f = -24 + 36. Let j = -25 - -49. Suppose -5*m + j = 4. Calculate the greatest common divisor of m and f.
4
Suppose 0 = -2*q + 5*q - 5*k + 237, 0 = -2*q + 4*k - 158. Let u = q + 186. Suppose 4*v + 19 = u. Calculate the highest common divisor of v and 2.
2
Let j = 384 - 244. What is the highest common factor of 28 and j?
28
Suppose -s - 2*k + 3*k = -6, 4 = -4*k. Suppose -5*r + 10 = 0, s*h - 78 = -5*r + 37. What is the greatest common divisor of h and 21?
21
Suppose p - 5*l + 0 = 29, -3*p = -3*l - 75. Let v = p + -20. What is the highest common factor of 1 and v?
1
Let x(j) = -j + 17. Let h be x(12). Let r(d) = d**2 - 2*d + 2. Let f be r(3). Calculate the greatest common divisor of h and f.
5
Let u(z) = z + 4. Let p be u(0). Suppose -2*d + 5*d - p*o - 40 = 0, -4*d = -3*o - 44. Calculate the greatest common divisor of d and 40.
8
Let t(b) = b**2 - b - 36. Let d be t(-6). Let z = 59 + -17. What is the highest common divisor of d and z?
6
Let l(h) = -h**3 + 6*h**2 + 2*h - 5. Let q be l(6). Let f = q + -5. What is the highest common factor of 22 and f?
2
Let q(w) be the second derivative of -w**3/3 + 4*w**2 + 2*w. Let d be q(-6). Calculate the greatest common divisor of d and 40.
20
Let d(r) = -r**2 + 5*r + 7. Let b be d(5). Suppose -2*p + 3*j = 3 - 12, 5*j + b = 2*p. Calculate the greatest common divisor of p and 2.
2
Let a be 20/30 + (-178)/6. Let u = a - -54. Calculate the greatest common factor of u and 5.
5
Suppose 3*q - 37 = 2*w, -w + 0 = -4*q + 41. Suppose 0 = -5*k + 4*p - 15, 12 = -k + 5*p - 12. Calculate the greatest common factor of k and q.
1
Let i = -7 + 7. Let t(r) = -r + 25. Let p be t(i). Let j be 10/p - 136/(-10). What is the greatest common factor of j and 154?
14
Let t be (-34)/(-3)*81/6. Suppose -m - 25 = 4*f, f - 45 = 3*m - 2*f. Let q = 0 - m. Calculate the highest common divisor of t and q.
17
Let p = 10 - 6. Let u = p - -14. What is the greatest common divisor of u and 9?
9
Let k(w) = w**2 - 8*w + 7. Let f be k(8). Let l = f - 4. What is the greatest common divisor of l and 1?
1
Let h(r) = -r - 10. Let i be h(-9). Let n be i/3*0 - -12. What is the greatest common divisor of 30 and n?
6
Let g be 12 - 0/(-1 + 4). Let u be 1/3 - (-8)/g. Calculate the greatest common factor of 1 and u.
1
Suppose -4*v = -v - 24. Suppose v = 4*l, 0 = -3*u + 4*u - 3*l - 16. What is the greatest common factor of 110 and u?
22
Suppose 7*i + 48 = 11*i. What is the highest common divisor of 24 and i?
12
Let w = -4 - -18. Suppose -5*k - 38 = -4*a, -w = -3*a + 2*a - k. Let b be (0 - 2)/(-2) + 131. Calculate the highest common factor of b and a.
12
Let c(k) = k**2 - 3*k - 5. Let g be c(5). Suppose 0 = -g*a + 23 + 72. What is the greatest common factor of a and 133?
19
Let l be 95/5 + 3 - 3. Let k be 17/(-2)*(-4 - -2). Let v = 36 - k. Calculate the greatest common divisor of l and v.
19
Suppose 0*j + 5 = j. Suppose 5 = j*f - 55. Calculate the greatest common divisor of 6 and f.
6
Suppose 31 + 49 = 4*z. What is the greatest common divisor of 260 and z?
20
Suppose -5*b = -b - 40. What is the highest common factor of 40 and b?
10
Let l = 6 - 5. Let t be -18*1/(-2) - 1. Calculate the greatest common divisor of l and t.
1
Let g = -61 + 89. Let r(b) = b**3 - 2*b**2 + 2*b. Let c be r(2). Calculate the greatest common divisor of g and c.
4
Suppose -5*c - 4*p = -184, -5*c + p = -4*c - 35. Let f = -2 + 6. Let r be ((-2)/f)/(3/(-108)). What is the greatest common factor of r and c?
18
Suppose 4*d - 5*v + 43 = -115, 0 = 4*d + 5*v + 178. Suppose 0 = -2*n - 11 + 53. Let k = n - d. What is the highest common divisor of k and 21?
21
Let h be 0 - (-136)/(2 - 1). Suppose -3*a + 34 = -a. What is the greatest common factor of a and h?
17
Let n be 4/(-12) - 544/6. Let f = 154 + n. What is the greatest common factor of 7 and f?
7
Let g(l) = l**3 + 9*l**2 - 2*l - 9. Let a be g(-6). Let i = 195 - a. What is the greatest common divisor of 12 and i?
12
Let q(j) = 3*j**2 - 5*j + 12. Let z be q(-7). Suppose 5*h - z = 331. What is the greatest common divisor of h and 15?
15
Suppose h - 8 = -0*h + f, 2*h - 3*f = 15. Let w(b) = 4*b**2 + 1 - 6*b**2 + 0*b**2 + 10*b**3. Let o be w(1). Calculate the greatest common factor of h and o.
9
Let n = -3 - -4. Let t = n - -2. Suppose t = v + 2. What is the greatest common divisor of v and 3?
1
Suppose 9 + 9 = 3*f. Suppose z = f*z + 45. Let p = z + 20. What is the highest common factor of 33 and p?
11
Let a(n) = -2*n**3 + 4*n**2 - 2*n - 2. Let d be a(-4). Calculate the greatest common factor of d and 18.
18
Let s(z) = 70*z + 24. Let m be s(3). Calculate the highest common divisor of m and 26.
26
Let g be (-2)/6 + (-80)/(-6). Let n = g - 3. Suppose 5*v = -22 + 47. What is the greatest common factor of v and n?
5
Suppose 0 = -t + 4*t - 150. Suppose 4*c - 46 = t. Calculate the highest common factor of 3 and c.
3
Suppose -9 = -2*t + 7. Let v be 100/(-6)*(-6)/5. Calculate the highest common divisor of v and t.
4
Let t(f) = f**3 - 7*f**2 + 9*f - 9. Let c be t(6). Suppose 0 = v + 4, q = -4*v + 2 + 10. Let d = 100 - q. What is the highest common factor of d and c?
9
Suppose -5*n - 2 = 3. Let s = 2 - n. Suppose o + s*o - 345 = 5*f, -2 = 2*f. Calculate the greatest common factor of 34 and o.
17
Suppose j - 4*j = 5*m + 47, -2*j = -4*m - 42. Let a be (-7)/(-35) - 118/m. What is the greatest common factor of a and 3?
3
Suppose 5*p - 5*a - 20 = 0, 0 = p + 4*p - a - 20. Let r(t) = 90*t - 83*t - 3 - 1. Let q be r(4). Calculate the greatest common factor of q and p.
4
Suppose 3*g = 4*x + 100, -3*g + 3*x = x - 104. Let a = g - 26. What is the highest common divisor of a and 90?
10
Let x(p) = 5*p + 5. Let b be x(9). What is the greatest common divisor of b and 20?
10
Let z = -7 + 10. Suppose 5*x = s + 45, -x = z*s - 14 - 11. Suppose i + i = 140. Calculate the greatest common factor of x and i.
10
Let c be 2/(-3)*9/(-2). Let i(n) = -n**3 + 5*n**2 - 4*n - 1. Let o be i(c). Let d be (o - 3) + 59 + -1. What is the highest common factor of 24 and d?
12
Let x be 14 + -5 - (-1 + -2). What is the highest common factor of 18 and x?
6
Let i = -122 + 230. Let u(c) be the first derivative of -c**3/3 + 9*c**2 + 12*c + 5. Let h be u(18). Calculate the highest common divisor of h and i.
12
Suppose 15 = k - 3*a, 5*k + 0 = -2*a + 7. Let v be 4 - (k + (-18)/3). What is the highest common factor of v and 77?
7
Let s = -37 - -157. Calculate the highest common factor of s and 15.
15
Let s(f) = -f**3 - 7*f**2 - 9*f + 9. Let j be s(-5). Let a = 1 + 27. Calculate the highest common factor of j and a.
4
Suppose 5*b + 0 = -2*w - 8, -5*w = 5*b - 10. Let o = w + -3. Suppose 15 = 7*z - 2*z. What is the highest common divisor of o and z?
3
Suppose 2*s - 2*c + 5 = 3*s, -3 = -c. Suppose -m - 16 = -3*m. Let v = m + s. Calculate the highest common factor of v and 21.
7
Let w be -1*(0 + 2) + 2. Suppose -o + 1 - 4 = w. Let v be o/(-9)*1*6. Calculate the greatest common divisor of v and 2.
2
Suppose -272 = -4*t + 5*x, -t - x + 311 = 4*t. Let v = -6 - 3. Let w be (-4)/1*v/4. Calculate the highest common divisor of t and w.
9
Let s(h) = 50*h - 7. Let n be s(5). What is the greatest common factor of 27 and n?
27
Let l be (-6)/9 - 110/(-3). Calculate the greatest common divisor of l and 12.
12
Let w = 6 - 5. Let h be ((-4)/(-2))/((-2)/(-11)). Let m be (6 - w)*h*1. Calculate the highest common factor of m and 11.
11
Let a be 2/4 + (-478)/(-4). Let k be (-3)/(-6) + 213/(-6). Let f = -20 - k. Calculate the greatest common divisor of f and a.
15
Suppose 3*o = -2*r + 32, o - 5*r + 52 = 5*o. What is the highest common divisor of o and 24?
8
Suppose -37 = 5*n - 112. Let i = 61 - n. Calculate the greatest common divisor of 23 and i.
23
Suppose i = -3*n + 2, -4*n - 56 = -i - 3*i. What is the greatest common divisor of i and 44?
11
Let m = 73 - 131. Let r = m + 86. What is the highest common divisor of 14 and r?
14
Suppose 2*g + 3*o - 13 + 4 = 0, 0 = -3*g + 2*o - 6. Suppose g*v = 5*v - 30.